. What is t(-6)?
5
Let g(z) = -z**2 - 111*z - 931. Let r be g(-9). Let c(i) = i**3 + 10*i**2 - 39*i + 4. Calculate c(r).
4
Let w(l) = -12*l**3 + l**2 - 4*l - 4. Let a be w(-1). Let m(b) = 6*b - 30. Determine m(a).
48
Let a(r) = r**3 + 1. Let q(b) = 7*b**3 - 9*b**2 + 6*b + 2. Let s(f) = 6*a(f) - q(f). Calculate s(4).
60
Suppose -4*f + 3*f + 3 = 0. Let z(l) be the first derivative of -l**3/3 - 6*l**2 - 8*l - 61. Let n(g) = g. Let q(o) = f*n(o) + z(o). Calculate q(-6).
10
Let t(l) = 2*l**3 + 3*l**3 - 9*l**2 - l + 76 + 2*l**3 - 6*l**3 - 77. Calculate t(9).
-10
Let a be (-54)/8*128/(-48). Let g(f) = f + 7. Give g(a).
25
Suppose 0 = -2*v + q - 3, 4*v + 5274*q - 9 = 5273*q. Let b(j) = -26*j - 3. Let f(z) = -z - 1. Let s(x) = b(x) - 4*f(x). What is s(v)?
-21
Let o(g) be the third derivative of -g**4/6 - 5*g**3/3 + 735*g**2. Determine o(-8).
22
Let i(o) = -o**3 - 14*o**2 + o + 1. Let r(g) = -5*g**3 - 75*g**2 + 26*g + 31. Let j(d) = 4*i(d) - r(d). Calculate j(-20).
13
Suppose 77 = -45*v + 52*v. Let c(a) = -2*a**2 + 14*a + 20. What is c(v)?
-68
Let k(m) = 38*m**2 - 8*m + 1. Let q(o) = -41*o**2 + 9*o - 2. Let i(a) = 6*k(a) + 5*q(a). Calculate i(-1).
22
Let a(v) = -44*v**2 - 39*v - 7. Let t(i) = i**3 - 2*i**2 + 2*i. Let k(j) = a(j) - t(j). What is k(-41)?
-7
Let u(k) = -3*k + 16. Let v(y) = -y + 5. Let t(i) = -6*u(i) + 17*v(i). Let w(b) = b**2 + 2*b - 15. Let d be w(4). Suppose -o = -0*o + d*o. Calculate t(o).
-11
Let x(f) = -f**3 + 8*f**2 - 7*f + 1. Let c(h) be the third derivative of h**4/24 - 2*h**3 - 5*h**2. Let g be c(12). Let u be g - -3 - (-3 + -1). Give x(u).
1
Let m be (63/(-72))/((-2)/16). Let s(p) = m + 0 + p - 2. Give s(-2).
3
Let c(k) = -1 + 3 + k**2 + 4*k + 0*k - 24 - 13. Determine c(-7).
-14
Let p(f) = -12*f**2 - 5*f**2 + 22*f**2 - 4*f**2 - 9 + 6*f. Let v(n) = -n**3 + 7*n**2 - 8. Let x = 4 + 3. Let t be v(x). Calculate p(t).
7
Let m(p) = -p**2 - 17*p + 9. Suppose 12*j - 870 = 25*j + 45*j. Give m(j).
39
Suppose 0 = -1391*u + 1411*u - 340. Let s(h) = -h**3 + 18*h**2 - 18*h + 16. Give s(u).
-1
Suppose 403 = 13*m + 14*m + 4*m. Let a(z) = -15 + z + 3 - 4. What is a(m)?
-3
Let d(c) = 56*c**3 + c**2 + 4. Let r(h) = -14*h**3 - 1. Let l(o) = -2*d(o) - 9*r(o). Suppose -18 = 5*a - 23. Give l(a).
13
Suppose 12 + 9 = t. Suppose 2*m + 3*f = -5, 0 = -5*m + t*f - 22*f - 19. Let n(i) = i**3 + 4*i**2 - i - 9. What is n(m)?
-5
Let k(x) = -x - 1. Let b(v) = -v**2 - 7*v - 8. Let o(u) = -b(u) + 3*k(u). Suppose 0 = -5*g - 3*d - 22, 0*g = -3*g + 4*d - 19. Determine o(g).
10
Let q(o) = -5*o + 39. Let y = 7 - 0. Give q(y).
4
Let p = 9026 + -9017. Let k(j) = 9*j - 85. Calculate k(p).
-4
Let x(o) be the first derivative of o**4/4 - 3*o**3 + 9*o**2 - 28*o + 3292. Determine x(7).
0
Let x(q) = 58*q + 14. Let j(b) = 34*b + 6. Let f(m) = 7*j(m) - 4*x(m). Calculate f(-5).
-44
Let i(j) = j**2 - 2*j + 2. Suppose -4*f - 18 = -v, 3*v + f = 2*f + 10. Suppose 2*d - 4*t + 836 = -3*d, -v*d = 5*t + 341. Let r be d/(-54) - 1/9. Give i(r).
5
Let h(n) = -6*n + 2. Let j(p) = 48 - 5*p - 26 - 22. Let k(x) = 3*h(x) - 4*j(x). Calculate k(0).
6
Suppose -184 = 2*c - 3*v, -4*c - 10*v = -11*v + 348. Let b = -89 - c. Let z(a) = a**3 + 4*a**2 + 3*a + 4. Give z(b).
4
Let p(b) = 4245 + 4263 - b + 29*b - 8507. Calculate p(0).
1
Let a be ((-32)/56)/(5/(-35)). Let r(u) = -3 + 20*u**2 - 3*u - a*u**3 + 3*u**3 - 14*u**2. Determine r(5).
7
Let c(r) = r**3 + 12*r**2 + 17*r - 7. Let g be c(-8). Let f = g - 111. Let m(a) = -a**3 - 2 + 8*a**f + 23*a**2 - 34*a**2. Calculate m(-3).
-2
Let z(u) be the third derivative of u**5/24 + 5*u**4/24 - 37*u**3/3 - 2*u**2 - 12*u. Let w(l) be the first derivative of z(l). Give w(-4).
-15
Let q(f) = 69*f - 1311. Let u be q(19). Let b(j) be the third derivative of u + 9*j**2 + 0*j**3 + 0*j + 5/8*j**4. Give b(1).
15
Let z(c) = -c**3 - c**2 - 2*c - 3. Suppose 0 = 21*i - 13*i - 15 + 23. Determine z(i).
-1
Let k be 9/(27/(-2))*3. Let g be (-42)/(-12)*(-4)/k. Let w(o) be the first derivative of o**2/2 - 12*o - 10. Give w(g).
-5
Let p be (-34)/(-51)*(-3)/(-1). Let w(g) = -1246*g**2 + 0*g - p*g + 2 + 1243*g**2. Let f be (-2)/9 + 25/(-9). Calculate w(f).
-19
Suppose -4*q + 24 = 6*z - 2*z, z = q - 4. Let p be 1 - 3 - (-3 - z). Let a(h) = h - 1. Let l(k) = k - 2. Let b(j) = p*a(j) - 3*l(j). Give b(2).
2
Let h(t) be the third derivative of -25*t**2 - 3*t + 1/60*t**5 - 1/12*t**4 + 1/6*t**3 + 0 - 1/120*t**6. Calculate h(2).
-7
Let n = -19859 + 19865. Let q(c) = -2*c**3 + 11*c**2 + 2*c + 13. What is q(n)?
-11
Suppose 4*d + 26 = -f, -3*d - 12 = f + 8. Let o be 57/21 - (-6)/21. Let n be ((-72)/10)/o + d/(-15). Let m(i) = 3*i + 2. Determine m(n).
-4
Let u(a) = -2*a**2 + 10*a - 1. Let t be (3*(-34)/5)/(4/(-10)). Let o = -46 + t. Let f be u(o). Let d(l) = -10*l - 1. What is d(f)?
9
Suppose 4*t = 2*c + 8, -c + 1 = t - 1. Let g(u) = -2 + 3*u**t - 5*u**2 + 3*u + u. Suppose 3*j - 44 = 5*q, -1313 = -4*j + 2*q - 1287. Give g(j).
-8
Let m(r) be the second derivative of -r**3/3 - 3*r**2/2 + 5*r. Let c = 181 + -173. Let q be 12/8*-1*c/3. Calculate m(q).
5
Suppose 4 = k, -3 = 2*l - 3*k + 5. Let g(y) = y - 2*y + l*y - 14 + 4. Suppose o + 3 = 12. Calculate g(o).
-1
Let o(n) = -4*n**2 + 4*n + 1. Let d(k) = 13*k - 89. Let a be d(7). Give o(a).
-7
Let t(q) be the third derivative of -q**4/24 + 3*q**3/2 - 312*q**2. What is t(9)?
0
Let h(s) = -16*s + 4. Let x be (-5)/(-1) + (100/(-10) - -3). Calculate h(x).
36
Let h(c) = -126*c + 9. Let t(n) = -13*n + 1. Let d(u) = -h(u) + 10*t(u). Suppose -6*r = -3*r - 3. Determine d(r).
-3
Let j = -824 + 1760. Let n(s) = -s**2 - s**3 - j + 0*s**2 + s + 472 + 466. Let m = 1 + -3. Give n(m).
4
Let r(a) = -a - 1. Let z be 334/(-6) - (-4)/6. Let m be z + 53 + 4 + 0. Calculate r(m).
-3
Let h = -39290 + 39289. Let d(c) = -30*c**3 + c**2 - c - 1. Calculate d(h).
31
Suppose 3*m + 286 = 3*t - 2114, -1615 = 2*m + 3*t. Let z = 796 + m. Let b(j) = j**2 + 4*j - 2. Give b(z).
19
Let w(c) = -1015*c - 15. Let a(b) = 760*b + 10. Let o(x) = 4*a(x) + 3*w(x). Let s = -1 - -5. Determine o(s).
-25
Let v(z) = 4*z - 6. Let n(r) = -2*r - 3. Let w be n(-5). Suppose 3*f = -1 + w. Suppose f*o = 13 - 5. Give v(o).
10
Let c = 13 + 0. Let f(z) = z**2 - 11*z - 21. Let s be f(c). Let v(q) = -4*q**3 - 6*q**2 + 7*q - 6. Let h(y) = -y**3. Let t(o) = 5*h(o) - v(o). Calculate t(s).
-4
Suppose -t - g + 729 = 735, 0 = -t + 3*g + 26. Let o(f) be the second derivative of 0 - 1/2*f**3 - 11*f + 0*f**t. Give o(-6).
18
Let j(l) = 14*l**2 + 36*l + 48. Let c(n) = -5*n**2 - 12*n - 16. Let t(s) = 11*c(s) + 4*j(s). Suppose -48*q + 164 + 80 = 820. Calculate t(q).
16
Let z(w) = -w**2 + 3*w - 4. Let a be z(-6). Let i be a - -50 - (-1 - 6). Let l(y) = y + 8*y**3 + 2 + 3*y**3 - 1 + y**2. Give l(i).
-10
Let s(i) = i**2 - 11*i - 16. Let k(c) = -c**3 + 4*c**2 + 3*c + 13. Let x be k(0). Determine s(x).
10
Let r(k) be the first derivative of -44*k + 23 - 2/3*k**3 - 1/2*k**2 - 1/12*k**4. Let b(h) be the first derivative of r(h). Determine b(-5).
-6
Let y(w) = -w**2 + 12*w - 42. Suppose -4*h + 16 = -b, -102 = h + 5*b - 106. What is y(h)?
-10
Let f(a) = -47*a + 32. Let c(u) = -42*u + 30. Let y(n) = 9*c(n) - 8*f(n). Let t = 7 + -1. What is y(t)?
2
Suppose -2*l - 2*y = -46, 3*l + 0*l = y + 53. Let v(r) = 2*r**2 + l*r - 10*r + 2 - 12*r - r**3 + 6*r. What is v(-2)?
12
Let v(w) be the first derivative of w**3/3 + w**2/2 + 68*w + 1. Let z(k) be the first derivative of v(k). Give z(-4).
-7
Let o(u) = -625 - 19*u + 338 + 328. What is o(2)?
3
Let y(p) = -5*p + 12. Let x(d) = 10*d - 25. Let i(o) = 6*x(o) + 11*y(o). Let v be i(4). Let k(t) = 6*t**v + 104*t + t**3 + 2 - 110*t + 0*t**2. Calculate k(-7).
-5
Let b(i) = 7*i**2 - i. Let j(p) = 6*p**2 + 1. Let x(n) = -4*b(n) + 5*j(n). Let m(t) = -10*t**2 - 151*t - 569. Let o be m(-7). Calculate x(o).
5
Let a(t) = -16*t**2 - 7*t + 7. Let r(i) = -19*i**2 - 7*i + 7. Let o(u) = -6*a(u) + 5*r(u). Suppose -2*y + 2*w + 1 = -w, -4*w = -3*y - 1. Determine o(y).
-7
Let c = -29 - -54. Let l = c - -8. Let k(n) = l*n**2 + 25*n**2 - 1 - 59*n**2 - n + 0*n. Give k(-3).
-7
Let f(o) be the second derivative of -o**4/12 - 5*o**3/6 - 7*o**2/2 + 119*o - 1. Let b be (4 - 3)/((-2)/(-6)). Suppose 20 = -b*l - l. Determine f(l).
-7
Let j(y) = -13*y + 5. Let h = -1708 - -1706. Determine j(h).
31
Suppose 5*c = -4*b + 3, 0 = 21*c 